 q be r(-4). Suppose 1530 - 250 = q*f. Suppose 2*u - 4*u + f = -3*n, -2*u + 2*n + 642 = 0. Is u a composite number?
True
Let q be (-6)/((-2)/1) - 99. Let b be q/(-14) + (-1)/(-7). Suppose 5*v - 3*w = -b*w + 785, -5*w + 619 = 4*v. Is v prime?
False
Let c = 3957 + -2694. Suppose -2*d - 5*a = 0, -5*d - 4*a + 19 = 2. Suppose d*s - 1267 = -2*m, -2*s + s + c = 2*m. Is m a prime number?
True
Let z = -109080 - -194621. Is z a prime number?
False
Is (-29147 - 154)*(-2 - -1) a composite number?
True
Let m = 3926421 - 2150110. Is m prime?
True
Let j(i) = 238576*i - 624. Let c(v) = -6448*v + 17. Let f(d) = -221*c(d) - 6*j(d). Is f(-2) a composite number?
True
Let v(d) = -136*d + 7. Let g be v(-27). Let k = g + -1814. Is k a composite number?
True
Let o(z) = 4*z**3 - 7*z**2 + 18*z - 4. Let s = 110 - 103. Is o(s) prime?
True
Let p = 717128 - -88715. Is p a composite number?
False
Suppose -28*f - 4711381 = -71*f. Is f a composite number?
False
Let b(j) = -62*j**3 + 4*j**2 + j. Let v(r) = -63*r**3 + 5*r**2 + r. Let u(s) = -6*b(s) + 5*v(s). Let n be -1 - 12/(-15 + 9). Is u(n) prime?
False
Let y be -1*(1 - 0)*-5. Suppose y = 5*w, -3*k - 2*w = -4*w + 2. Suppose k*a = -7*a + 70. Is a a composite number?
True
Let g be (-2)/(20/(-24) - (-3)/9). Suppose 3*j + 334 - 1565 = -2*u, g*u + 5*j = 2459. Suppose 735 = 5*z + 2*c, 0 = -2*z - 2*z + 3*c + u. Is z composite?
False
Let z = 267 + -265. Suppose b + 532 = z*t - 891, 0 = -2*t + 2*b + 1428. Is t composite?
False
Suppose 3*o - 5*x + 5 - 34 = 0, -3*o = -4*x - 25. Suppose -o*k + 36 - 30 = 0. Suppose -k*j - 1192 = -6*j + 4*y, -2*y = 4*j - 1210. Is j composite?
True
Let m(u) = 13501*u - 17. Is m(4) composite?
False
Suppose 4*y = -5*x + 33, y - x + 14 = 11. Suppose -5*k + 4308 = y*l, 9*k - 5*k + 2167 = l. Is l composite?
True
Let l(z) = z**2 - 104*z + 99. Let i be l(57). Let f = i + 5729. Is f a composite number?
True
Suppose -18*z + 375211 = -z - 268494. Is z a composite number?
True
Suppose 0 = -4*q + 8, s + 8*q - 10*q - 27 = 0. Suppose s*n - 70103 = 45186. Is n a prime number?
True
Let x(y) = -10*y - 51. Suppose 8*a = 15*a + 98. Is x(a) prime?
True
Let w be (-6919)/(-4)*(-8)/12*-6. Suppose 0*o = 11*o - w. Is o composite?
True
Let h be 1 + 0 + (10520 - 33). Is 18/15 - 1 - h/(-10) a composite number?
False
Let g(x) = -11*x + 20. Suppose n + 11 = 3*q - 3, -2*n = -5*q + 24. Let k be g(q). Is 89/2*(k/(-2))/6 a composite number?
False
Let m(l) = 2*l - 12. Suppose -2*q = -1 - 11. Let r be m(q). Suppose 4*s - 35 - 4529 = r. Is s composite?
True
Suppose 2*u = -5*i - 2, 3*u + 4*i + 2 = 6. Suppose 0*a - 157625 = u*b + 3*a, 5*b + 2*a = -197040. Is (b/28)/(1/(-2)) prime?
False
Let n = 519 + -811. Let k(y) = -297*y + 2. Let q be k(-4). Let o = n + q. Is o a prime number?
False
Let q = 226 + -224. Suppose 0 = b - q*b + 4*a + 749, -4*b + 2*a + 3024 = 0. Is b a prime number?
True
Let z(y) = 3044*y - 19. Let k be z(-5). Let g = k - -41176. Is g a prime number?
False
Let j(s) be the third derivative of 12595*s**4/12 + 5*s**3/6 + 28*s**2 - 3*s. Is j(1) a composite number?
True
Suppose -7*v + 39 - 4 = 0. Suppose -4*s - 1074 = -v*p, 2*s - s - 213 = -p. Is p prime?
False
Suppose 40 + 78 = 5*k + 3*c, 0 = -5*k + c + 114. Let r(g) = 22*g**2 - 34*g + 45. Is r(k) prime?
False
Suppose 3*k - 27 = -15. Suppose -42405 = -3*s - k*d + 4964, 0 = -3*s + 5*d + 47351. Is s a composite number?
False
Let y(d) be the third derivative of -11*d**4/6 + 11*d**3/2 - 60*d**2 - 1. Is y(-5) prime?
False
Suppose -9*p - 14*p + 69 = 0. Is (-2 - 7) + 35811 - p a prime number?
False
Let h(z) = z**2 - 7*z + 12. Let i be h(5). Let a be i/6 + 1116/(-27). Let y = 262 + a. Is y composite?
True
Suppose 0 = -4*k - 1 - 63. Let t be k/6*96/(-64). Suppose 5*h = -o + h + 9163, 4*o - 36616 = -t*h. Is o prime?
True
Is 322/(-70) + 3*(-5)/(-25) - -529781 a prime number?
False
Let h be (-66)/297 - (-2 - (-58)/(-18)). Suppose -5*r - 4*j = -11595, -2042 = -r + h*j + 248. Is r prime?
False
Let c(l) be the first derivative of 18*l**4 - 4*l**3/3 + l**2/2 - 40. Let d be c(3). Let v = -1052 + d. Is v a composite number?
False
Suppose -31 + 6 = -5*h. Let z be h - 1*(-1 - 0). Is (7737/z)/(-1*3/(-6)) a composite number?
False
Let f(d) = -22*d**3 - 10*d**2 + 5*d. Let y(p) = -22*p**3 - 10*p**2 + 7*p + 1. Let w(z) = 4*f(z) - 3*y(z). Is w(-4) composite?
False
Suppose -40 = 8*y - 112. Suppose y*s + j = 4*s + 1531, 0 = s - 5*j - 327. Is s prime?
True
Let h(m) = -m**3 + 4*m**2 + 13*m - 9. Let r = -65 + 61. Is h(r) a prime number?
True
Let z(l) = l**2 + l - 9. Let b be z(-4). Let m(v) = -3*v + 4*v - 8*v**2 + 16*v**b + 9 + 6*v. Is m(4) composite?
True
Let i = 122 - 110. Suppose -5835 = -3*a - i*a. Is a a composite number?
False
Let t(r) = 378*r**2 - 13*r - 173. Is t(18) composite?
True
Let k be 12 - 0*3/(-3). Let l(n) = -2*n**3 + 8*n**2 - 12*n + 18. Let w(u) = -u**3 - 1. Let v(i) = -l(i) + w(i). Is v(k) a composite number?
False
Let v = -51755 - -97525. Suppose -50*h + 40*h = -v. Is h a composite number?
True
Let z = 31800 + -18629. Is z composite?
False
Let c be ((-68698)/21)/(4/(-6)). Let v = -2188 + c. Is v composite?
False
Let l = -63 - -63. Suppose l = -5*h - h + 12. Suppose 0 = h*o - 996 + 166. Is o prime?
False
Let m = -153 + 113. Is (-115904)/(-14) - (m/(-14) + -3) a prime number?
False
Is 55711017/1384 + 5/(-8) a composite number?
False
Let t(p) = -31*p - 11. Let g be t(-5). Let l = 44 + g. Let x = l - 105. Is x prime?
True
Suppose 660 - 23612 = -19*f. Suppose 2*y - j - 11190 = f, -2*j = 8. Is y prime?
True
Let d(l) = 12475*l - 637. Is d(6) prime?
False
Let j(s) = -6422*s + 74. Let z be j(-6). Suppose 12*v - z = -8738. Is v prime?
False
Let q = 94169 + 163668. Is q a prime number?
True
Suppose -5*p - 10 = 0, f - 3*p = 2846 + 4716. Suppose -2*w + f = -1886. Is w a composite number?
False
Let w(f) = 750*f**2 - 29*f + 457. Is w(16) a composite number?
True
Suppose 0 = 9*w - 5 + 14, 3*c - 636547 = -2*w. Is c a composite number?
False
Let w(n) = -n - 4. Let p(y) = -2*y - 26. Let d be p(-13). Let k be w(d). Is (k/(8/(-206)))/1 a composite number?
False
Let o = -358 + -2944. Is (o + 3)/(1 - (5 - 3)) composite?
False
Let y = -306 - -306. Suppose -2*q + 14077 = a - 2*a, -q + a + 7038 = y. Is q prime?
True
Let w(z) = 4*z**2 + 12*z + 6. Let v be w(-4). Let u be 8/(-12) - v/(-6). Suppose -u*k + 8016 = -3*b, k + 4*b - 5326 = -k. Is k a composite number?
True
Let l(i) = 20*i**2 - 61*i - 3947. Is l(-90) composite?
False
Let j = 68 + -68. Let v be (j/(-2))/((-6 - -2) + 6). Suppose -13*u - 4924 + 14583 = v. Is u prime?
True
Let x(z) = -115*z + 62 - 75*z - 48*z - 223*z. Is x(-9) a composite number?
False
Suppose -2*d + 150905 = 2*h - 95995, -3*d - 6*h + 370347 = 0. Is d a composite number?
True
Is ((-39)/15)/(800512/(-800510) + (35 - 34)) prime?
False
Let g be 9/((-700)/176 + 4). Let m = g - 228. Is (538/7)/(48/m) prime?
True
Suppose -2004 + 567 = -c. Suppose 13*g = -85*g + 5 - 5. Suppose -p + 4*p - c = g. Is p a prime number?
True
Let m = -40 - -251. Let c = 7 - 4. Suppose 4*r - 5*z - 802 = 0, m = r + z + c*z. Is r composite?
True
Suppose -3*t + 7*t - j = 4778, -5962 = -5*t - 4*j. Suppose -t - 2816 = -5*k. Let h = k + -429. Is h composite?
False
Suppose -3*u - 15*u = 27*u - 8013015. Is u prime?
True
Suppose 0 = 30*h - 959494 - 3501836. Is h a prime number?
True
Suppose 4*n = 26 - 2. Let d be (-64)/n*60/(-40). Is 591 - (-7)/((-28)/d) a composite number?
False
Let s be (-1)/(-4*(-2)/56). Let a = -4 - s. Suppose a*r = -4*r + 4431. Is r prime?
False
Suppose -12 = q - 16. Suppose -q*p - 4*o + o + 236698 = 0, -177517 = -3*p + o. Is p composite?
True
Suppose 0 = -12*j + 5*j + 133. Suppose 171 = 5*u + 51. Suppose j*x = u*x - 4535. Is x a composite number?
False
Let a be (180 - -7)*((-27)/(-3) + -5). Let p = a + -47. Is p a composite number?
False
Suppose -2*o + 13 = -3*o + 4*a, -5*o + 4*a + 15 = 0. Let n(w) = 9*w**2 + 7*w + 3. Let f be n(o). Let g = 962 - f. Is g prime?
False
Suppose 2*q + 1454870 = 4*z, 5*z - 7*z + 727447 = 3*q. Is z composite?
False
Let s = 221 + -219. Suppose 6766 = s*z - 4*d, -z + 4*d = -3*z + 6790. Is z prime?
True
Let d = 986875 - 564524. Is d a composite number?
True
Let b(n) = -n**3 - 11*n**2 - 31*n - 245. Let q be b(-15). Let t = -7 + 10. Suppose q = -t*j + 4411. Is j composite?
False
Let g be 